{"id":1607,"date":"2015-12-08T10:04:32","date_gmt":"2015-12-08T08:04:32","guid":{"rendered":"http:\/\/01860perttula.fi\/?page_id=1607"},"modified":"2024-07-30T09:33:25","modified_gmt":"2024-07-30T07:33:25","slug":"maksut-ja-hinnasto","status":"publish","type":"page","link":"https:\/\/01860perttula.fi\/?page_id=1607","title":{"rendered":"Maksut ja hinnasto"},"content":{"rendered":"<div class=\"entry\">\n<p><del><strong><span class=\"drop\">H<\/span>innasto<\/strong><\/del><\/p>\n<p><del><strong>Ennen liittymist\u00e4<\/strong><\/del><\/p>\n<p><del>Osuusmaksu: 100\u20ac, maksetaan liitytt\u00e4ess\u00e4 Perttulan Vesiosuuskuntaan ja hakemus vesiosuuskunnan hallitukselle kirjallisesti.<\/del><\/p>\n<p><del>Liittymismaksu I, II tai III-alueeseen alueen sis\u00e4ll\u00e4:<\/del><\/p>\n<ul>\n<li><del>Uusille liittyjille liittym\u00e4n hinta 12.500 \u20ac (ALV veroton)<\/del><\/li>\n<li><del>Liittymismaksu tarkistetaan vuosittain<\/del><\/li>\n<\/ul>\n<p><del>Erillisliittyj\u00e4t alueiden ulkopuolelta, kysyk\u00e4\u00e4n tarkempia hintoja ja ohjeita liittymiseksi verkostoon PJ:lt\u00e4 , mieluiten s\u00e4hk\u00f6postitse.<\/del><\/p>\n<p><del>Vesiosuuskunnan liitynt\u00e4kaivosta liittyj\u00e4n rakennukseen asennettavista putkista vastaa liittyj\u00e4.<\/del><\/p>\n<p>&nbsp;<\/p>\n<p><del><strong>Putkien liitt\u00e4misen j\u00e4lkeen<\/strong><\/del><\/p>\n<p><del>KVV-tarkastajan maksu (sis. suunnitelmien, tarkastaminen, tarkastusk\u00e4ynnit) : 103,86 \u20ac (omakotitalot)<\/del><\/p>\n<p><del>Vesimittari: sis\u00e4ltyy liittym\u00e4\u00e4n<\/del><\/p>\n<p><del>Kuukausittainen perusmaksu: 20 \u20ac\/kk, alkaen sis ALV24%<\/del><\/p>\n<p>&nbsp;<\/p>\n<p><strong>K\u00e4ytt\u00f6- ja j\u00e4teveden sek\u00e4 kuukausimaksujen veloitukset<\/strong><\/p>\n<p>Arvioon perustuva vesimaksu, tasauslaskutetaan vuosittain:<\/p>\n<\/div>\n<p>Hinnat 1.1.2021 &#8211; 30.6.2024<\/p>\n<ul>\n<li>K\u00e4ytt\u00f6vesi 2,17 \u20ac \/ m3<\/li>\n<li>J\u00e4tevesi 3,57 \u20ac \/ m3<\/li>\n<li>Yhteens\u00e4 5,74 \u20ac \/ m3 (per kulutettu kuutio)<\/li>\n<\/ul>\n<div class=\"entry\">\n<p>Hinnat vesi, j\u00e4tevesi ja kuukausimaksut 1.7.2024 &#8211; 30.6.2024<\/p>\n<ul>\n<li>K\u00e4ytt\u00f6vesi 2,29 \u20ac \/ m3<\/li>\n<li>J\u00e4tevesi 3,66 \u20ac \/ m3<\/li>\n<li>Yhteens\u00e4 5,95 \u20ac \/ m3 (per kulutettu kuutio)<\/li>\n<li>Perusmaksut per kuukausi:\n<ul>\n<li>Vesi mittarikkoolla 15 &#8211; 20: 13,23\u20ac\/kk<\/li>\n<li>J\u00e4tevesi mittarikoolla 15 &#8211; 20: 16:17\u20ac\/kk<\/li>\n<\/ul>\n<\/li>\n<\/ul>\n<p>Kuukausittaiset perusmaksut on p\u00e4\u00e4tetty aloittaa ker\u00e4tt\u00e4v\u00e4ksi syyskuusta 2008 alkaen niilt\u00e4 talouksilta, joilla on mahdollisuus liitty\u00e4 vesiverkkoon Perttulan Vesiosuuskunnan alueella.<\/p>\n<p>Laskutusv\u00e4liksi on siis p\u00e4\u00e4tetty 3kk, alkaen syyskuusta\/2008.<br \/>\nHinnat sis\u00e4lt\u00e4v\u00e4 ALV 24% ellei toisin mainita.<\/p>\n<\/div>\n<p>&nbsp;<\/p>\n<p>&nbsp;<\/p>\n<p><strong>Arvoisa Perttulan vesiosuuskunnan asiakas<\/strong><\/p>\n<p>Perttulan vesiosuuskunnan osuuskuntakokous hyv\u00e4ksyi kokouksessa 23.5.2024 osaltaan osuuskunnan ja Nurmij\u00e4rven kunnan vesilaitoksen v\u00e4lisen kauppakirjan. Kauppakirjalla osuuskunnan toiminta siirtyy vesilaitoksen hoidettavaksi 1.7.2024 alkaen. Liiketoimintakaupan seurauksena my\u00f6s hinnat muuttuvat. Hein\u00e4kuun alusta hinnat ovat seuraavat<\/p>\n<p>perusmaksu<\/p>\n<p>vesimaksu 2,29 \u20ac\/m3 13,23\/kk<\/p>\n<p>j\u00e4tevesimaksu 3,66 \u20ac\/m3 16,17\/kk<\/p>\n<p>Yhteens\u00e4 5,95 \u20ac\/m3 29,40\/kk<\/p>\n<p>Liitteen\u00e4 Nurmij\u00e4rven veden toimitusehdot. Vikailmoituksen numero muuttuu. Jatkossa vesilaitoksen vikap\u00e4ivystys hoitaa toimintah\u00e4iri\u00f6t.<\/p>\n<p>P\u00e4ivitetty: 30.07.2024<\/p>\n","protected":false},"excerpt":{"rendered":"<p>Hinnasto Ennen liittymist\u00e4 Osuusmaksu: 100\u20ac, maksetaan liitytt\u00e4ess\u00e4 Perttulan Vesiosuuskuntaan ja hakemus vesiosuuskunnan hallitukselle kirjallisesti. Liittymismaksu I, II tai III-alueeseen alueen sis\u00e4ll\u00e4: Uusille liittyjille liittym\u00e4n hinta 12.500 \u20ac (ALV veroton) Liittymismaksu tarkistetaan vuosittain Erillisliittyj\u00e4t alueiden ulkopuolelta, kysyk\u00e4\u00e4n tarkempia hintoja ja ohjeita liittymiseksi verkostoon PJ:lt\u00e4 , mieluiten s\u00e4hk\u00f6postitse. Vesiosuuskunnan liitynt\u00e4kaivosta liittyj\u00e4n rakennukseen asennettavista putkista vastaa liittyj\u00e4. &nbsp;&#8230;<\/p>\n","protected":false},"author":1,"featured_media":1670,"parent":457,"menu_order":3,"comment_status":"closed","ping_status":"closed","template":"","meta":{"_monsterinsights_skip_tracking":false,"_monsterinsights_sitenote_active":false,"_monsterinsights_sitenote_note":"","_monsterinsights_sitenote_category":0,"ngg_post_thumbnail":0,"footnotes":""},"class_list":["post-1607","page","type-page","status-publish","has-post-thumbnail","hentry"],"_links":{"self":[{"href":"https:\/\/01860perttula.fi\/index.php?rest_route=\/wp\/v2\/pages\/1607","targetHints":{"allow":["GET"]}}],"collection":[{"href":"https:\/\/01860perttula.fi\/index.php?rest_route=\/wp\/v2\/pages"}],"about":[{"href":"https:\/\/01860perttula.fi\/index.php?rest_route=\/wp\/v2\/types\/page"}],"author":[{"embeddable":true,"href":"https:\/\/01860perttula.fi\/index.php?rest_route=\/wp\/v2\/users\/1"}],"replies":[{"embeddable":true,"href":"https:\/\/01860perttula.fi\/index.php?rest_route=%2Fwp%2Fv2%2Fcomments&post=1607"}],"version-history":[{"count":20,"href":"https:\/\/01860perttula.fi\/index.php?rest_route=\/wp\/v2\/pages\/1607\/revisions"}],"predecessor-version":[{"id":6357,"href":"https:\/\/01860perttula.fi\/index.php?rest_route=\/wp\/v2\/pages\/1607\/revisions\/6357"}],"up":[{"embeddable":true,"href":"https:\/\/01860perttula.fi\/index.php?rest_route=\/wp\/v2\/pages\/457"}],"wp:featuredmedia":[{"embeddable":true,"href":"https:\/\/01860perttula.fi\/index.php?rest_route=\/wp\/v2\/media\/1670"}],"wp:attachment":[{"href":"https:\/\/01860perttula.fi\/index.php?rest_route=%2Fwp%2Fv2%2Fmedia&parent=1607"}],"curies":[{"name":"wp","href":"https:\/\/api.w.org\/{rel}","templated":true}]}}